 the remainder when r is divided by 1?
0
Let a = 73 + -28. Suppose 5*p + 1 = -39. Let b = p + 24. Calculate the remainder when a is divided by b.
13
Let l = -124 + 130. What is the remainder when 19 is divided by l?
1
Let h(z) = -z**2 + 10*z + 3. Calculate the remainder when h(7) is divided by 13.
11
Let h(q) = -q**3 + 20*q**2 + 19*q + 49. Let g = 1 - -4. Let o(s) = s**2 - 5*s + 2. Calculate the remainder when h(21) is divided by o(g).
1
Let q(x) = -2*x**3 + 56*x**2 + 60*x - 6. Suppose -5*o = -28 - 62. What is the remainder when q(29) is divided by o?
16
Let c(r) = -r**3 - 7*r**2 - 6*r + 5. Let h be c(-6). Suppose -h*t + 4 = -21. Calculate the remainder when 13 is divided by t.
3
Let h(f) = -f**3 + 2*f**2 - 5*f - 2. Let u(k) = 4*k**2 - k. Let m be u(1). Suppose 6 = -m*d + d. Calculate the remainder when h(d) is divided by 20.
18
Let v(q) = -q**3 + q**2 + 2*q - 25. Let r be v(0). Let n = r + 35. What is the remainder when 18 is divided by n?
8
Let v(s) = 4*s**3 - 6*s**2 + 5*s + 1. Calculate the remainder when v(3) is divided by 12.
10
Let x be (16/(-3))/(16/(-24)). Let y = -4 - x. What is the remainder when 26 is divided by (-114)/y - 1/2?
8
Let k(n) = 3*n**2 + n - 2. Let r = -37 + 26. Let c = r + 9. Calculate the remainder when 13 is divided by k(c).
5
Let c(p) = -9*p**3 + 2*p + 3. Suppose 0 = -7*o + 4*o + 54. What is the remainder when c(-2) is divided by o?
17
Let f = 20 - 11. Calculate the remainder when f is divided by 5.
4
Let v(c) be the third derivative of -3*c**4/4 + c**3/6 - 3*c**2. What is the remainder when v(-1) is divided by 11?
8
Suppose -17 = -4*a + 47. Let r = 15 + -9. What is the remainder when (1 - (3 + -2)) + a is divided by r?
4
Let w = -93 + 20. Let v = 102 + w. What is the remainder when v is divided by 10?
9
Suppose -4*i = -10*i + 102. Calculate the remainder when 67 is divided by i.
16
Suppose -2*n + 28 = -6*n. What is the remainder when 5 is divided by 1/n - (-319)/77?
1
Let b(v) be the second derivative of v**4/2 - 5*v**3/6 + v**2 + 2*v. Let l be b(3). Suppose -l = -3*y - 11. What is the remainder when 19 is divided by y?
9
Let u = -20 - -21. Let r = 5 - 7. Let l = 3 + r. Calculate the remainder when u is divided by l.
0
Suppose 0 = -5*b + 2*z + 140, -2*b + 40 = 5*z - 16. What is the remainder when 109 is divided by b?
25
Let d = 14 - 9. Suppose -4*y + 0*s = s - 3, 0 = d*y + 2*s. Suppose -v + 0 = -y. Calculate the remainder when 5 is divided by v.
1
Suppose 2 = -3*x + 11. Suppose -5*v + 7 = m - x*v, v = 2. Suppose -2*h = m*n - 1 - 27, n = -2*h + 16. Calculate the remainder when 16 is divided by n.
4
Let u be 44/(-2)*11/2. Let x be (-6)/(-8) - u/4. Let i = x - -17. What is the remainder when i is divided by 25?
23
Let y(k) = k - 1. Let z(b) = -6*b**2 + 2*b - 3. Let s(g) = 2*y(g) - z(g). Let u = 6 + 3. What is the remainder when s(2) is divided by u?
7
Let d = 4 + -1. Let q = -3 + d. Suppose 2 = -2*n, q = 4*c - n - 42 + 1. Calculate the remainder when 28 is divided by c.
8
Let z = -11 - -19. Let b = -4 + z. What is the remainder when 10 is divided by b?
2
Let m be (15*3)/(3 - 2). Suppose 2*k = -k + m. Calculate the remainder when 28 is divided by k.
13
Let f(u) = 4*u + 2. Calculate the remainder when f(8) is divided by 9.
7
Let r(u) = u**3 + u**2 + 3*u + 3. What is the remainder when r(3) is divided by 17?
14
Let f = -12 - -34. Calculate the remainder when f is divided by 6.
4
What is the remainder when (58 + (3 - 3))/1 is divided by 12?
10
Let b(m) = 2*m**2 - 1 + 1 + m + 1 + 1. Suppose -4 = 3*n + 2. What is the remainder when 22 is divided by b(n)?
6
Let j(a) = 12*a**2 + 5*a - 3. What is the remainder when j(2) is divided by 14?
13
Suppose c = 1 + 44. Calculate the remainder when c is divided by 12.
9
Let v be -13 + -3 + 3 + 0. Let t(l) = l**3 + 13*l**2 - l + 2. Calculate the remainder when t(v) is divided by 6.
3
Let n(h) = 18*h**2 + 2*h. Let r be n(-2). Suppose r = 3*o - 19. Suppose -2*j + 1 = -3*c, 0 = -0*j + 2*j - 5*c + 9. What is the remainder when o is divided by j?
5
Let q = 6 + 4. What is the remainder when 68 is divided by q?
8
Suppose -1 = -3*z + 2. Calculate the remainder when (-1 - 0 - -15)*z is divided by 3.
2
Let q(a) = -3*a**2 - 5*a + 3. Let p be q(3). Let d = -14 - p. What is the remainder when d is divided by 13?
12
Suppose -3*i - 2*i + 327 = 4*l, -5*i = l - 333. Let j = i - 46. What is the remainder when j is divided by 11?
10
Let h(j) = -4*j**2 - 3*j**2 - 7 - 3*j + 4*j**2 + 4*j**2. Calculate the remainder when h(8) is divided by 12.
9
Suppose 0*z + 3*z - 60 = 0. Calculate the remainder when z is divided by 6.
2
Let h = 49 + -32. Suppose 2*v - 3*l = 109, 0 = -5*v - 0*l - 3*l + 241. What is the remainder when v is divided by h?
16
Suppose 6 = 4*u - 2*u. Let o(f) = -f - 9. Let n be o(-8). Calculate the remainder when (-5)/(-3 - (n + -1)) is divided by u.
2
Calculate the remainder when 59 - (3 - (3 + -1)/(-2)) is divided by 7.
6
What is the remainder when 37 is divided by 1/((-2)/(-114)*3)?
18
Let v(r) = -r - 1. Let d(w) = w - 1. Let z(q) = 3*d(q) + v(q). Let o be z(-3). What is the remainder when 8 is divided by 2/4 + o/(-4)?
2
What is the remainder when 715/20 - 5/(-4) is divided by 10?
7
Let f = -52 - -89. Calculate the remainder when f is divided by (-1)/3*(-39 - 0).
11
Let s(y) = -6 + 6*y + 2*y - y**2 + 0. Let x = 7 + -1. What is the remainder when 17 is divided by s(x)?
5
Suppose -132 = -3*h - h. Let p = 60 + -51. What is the remainder when h is divided by p?
6
Let j(a) = -a**2 - 9*a - 7. Calculate the remainder when 23 is divided by j(-7).
2
Suppose -2*u = 2*u - 32. What is the remainder when u is divided by 3?
2
Let l be 4/10 - 72/(-20). Let c = l + 2. What is the remainder when 11 is divided by c?
5
Suppose -2*y + 2*t - 274 = 5*t, 0 = -2*t. Calculate the remainder when 5/30 + y/(-6) is divided by 13.
10
Suppose 204 = -2*v + 5*v. Calculate the remainder when v is divided by 23.
22
Suppose 48 = 3*s + s. Suppose 2*h - s = h. Suppose -n - 3 = 0, -4*f + 3*f + 19 = -4*n. Calculate the remainder when h is divided by f.
5
Let j(g) = 2*g + 15. What is the remainder when 23 is divided by j(-5)?
3
Let g(j) = 2*j**2 + 2*j - 2. Let q(w) = w**3 + 8*w**2 + 6*w - 4. Suppose z = -4 - 3. What is the remainder when q(z) is divided by g(-2)?
1
Let k(s) = 9*s - 1. Let b be k(3). Suppose 4*m = -b + 78. Calculate the remainder when m is divided by (0 - -1)/(1/7).
6
Let m(v) = -v**3 + 5*v**2 - v + 7. Let f be m(5). Suppose -2*j + 5*l = -26, 0 = f*l + 2 + 2. What is the remainder when 23 is divided by j?
7
Let v(t) = 2*t**2 + 4*t + 4. Let m = -2 + -1. Let w = 43 - 16. Calculate the remainder when w is divided by v(m).
7
Suppose 2*o + 203 = 5*t, 4 = -5*o - 16. What is the remainder when t is divided by ((-6)/4)/(12/(-160))?
19
Suppose 20 = 5*s - 5. Suppose 19*x - 352 = 3*x. Calculate the remainder when x is divided by (-6)/s*10*-1.
10
What is the remainder when 117/7 + (-8)/(-28) is divided by 9?
8
Let f(u) = -u**3 - 3*u**2 - 4*u. Let s be f(-3). Suppose s = 5*g - g. Suppose 0*q - 32 = -g*p + q, -q - 5 = 0. Calculate the remainder when p is divided by 5.
4
What is the remainder when 75 is divided by (-2 + 2 + 5)/(6/24)?
15
Suppose 56 = 12*l - 8*l. Calculate the remainder when l is divided by 8.
6
Let c(i) = i**3 - 10*i**2 - 9*i - 3. Suppose 5*z - 4*y = 47, -27 - 21 = -4*z - 2*y. Calculate the remainder when 74 is divided by c(z).
17
Suppose -6 = -3*i, i - 217 - 765 = -5*n. Calculate the remainder when n is divided by 18.
16
What is the remainder when 1236/30 + 2/(-10) is divided by 22?
19
Suppose -g - 13 = -30. Calculate the remainder when 46 is divided by g.
12
Suppose -11*f + 276 = 45. What is the remainder when f is divided by 14?
7
Suppose 404 = 4*n + 48. Calculate the remainder when n is divided by 23.
20
Let a(y) = -y**3 + 6*y**2 + y - 8. Let f be a(6). Suppose 0 = q - 4*d - 4 - 20, 5*q = -5*d + 95. What is the remainder when q is divided by -11*f/2*1?
9
Let i = 53 + -35. Suppose q + i = 4*l, 5*l = -q + 27 - 0. Calculate the remainder when 21 is divided by (-106)/(-9) + q/9.
9
Suppose -5*g - 15 = 0, -2*f + 3*g = -0*f - 13. What is the remainder when 4 is divided by f?
0
Let g = -3 + 13. Calculate the remainder when g is divided by (1/2)/((-4)/(-32)).
2
Let u(o) = 2*o + 4. Let i(m) = 2*m + 4. Let k(q) = 5*i(q) 